{"id":218,"date":"2025-06-27T11:13:27","date_gmt":"2025-06-27T14:13:27","guid":{"rendered":"https:\/\/mastercargo.com.br\/?page_id=218"},"modified":"2025-07-02T09:32:29","modified_gmt":"2025-07-02T12:32:29","slug":"iso9001","status":"publish","type":"page","link":"http:\/\/mastercargo.com.br\/?page_id=218","title":{"rendered":"ISO &#8211; 9001"},"content":{"rendered":"\t\t<div data-elementor-type=\"wp-page\" data-elementor-id=\"218\" class=\"elementor elementor-218\">\n\t\t\t\t<div class=\"elementor-element elementor-element-ee70af7 e-flex e-con-boxed e-con e-parent\" data-id=\"ee70af7\" data-element_type=\"container\" data-e-type=\"container\">\n\t\t\t\t\t<div class=\"e-con-inner\">\n\t\t<div class=\"elementor-element elementor-element-6b4d753 e-con-full e-flex e-con e-child\" data-id=\"6b4d753\" data-element_type=\"container\" data-e-type=\"container\">\n\t\t\t\t<div class=\"elementor-element elementor-element-d1741d4 elementor-widget__width-initial elementor-widget elementor-widget-heading\" data-id=\"d1741d4\" data-element_type=\"widget\" data-e-type=\"widget\" data-widget_type=\"heading.default\">\n\t\t\t\t<div class=\"elementor-widget-container\">\n\t\t\t\t\t<h2 class=\"elementor-heading-title elementor-size-default\">ISO - 9001<\/h2>\t\t\t\t<\/div>\n\t\t\t\t<\/div>\n\t\t\t\t<div class=\"elementor-element elementor-element-ff0acec elementor-widget elementor-widget-text-editor\" data-id=\"ff0acec\" data-element_type=\"widget\" data-e-type=\"widget\" data-widget_type=\"text-editor.default\">\n\t\t\t\t<div class=\"elementor-widget-container\">\n\t\t\t\t\t\t\t\t\t<p>Empresa certificada desde 2007, proporcionando melhoria cont\u00ednua em processos e controle da qualidade, fatores determinantes para satisfa\u00e7\u00e3o dos clientes.<\/p>\t\t\t\t\t\t\t\t<\/div>\n\t\t\t\t<\/div>\n\t\t\t\t<div class=\"elementor-element elementor-element-6b560ea elementor-widget elementor-widget-image\" data-id=\"6b560ea\" data-element_type=\"widget\" data-e-type=\"widget\" data-widget_type=\"image.default\">\n\t\t\t\t<div class=\"elementor-widget-container\">\n\t\t\t\t\t\t\t\t\t\t\t\t\t\t\t<img fetchpriority=\"high\" decoding=\"async\" width=\"225\" height=\"225\" src=\"http:\/\/mastercargo.com.br\/wp-content\/uploads\/2025\/06\/ISO9001.png\" class=\"attachment-large size-large wp-image-140\" alt=\"\" srcset=\"http:\/\/mastercargo.com.br\/wp-content\/uploads\/2025\/06\/ISO9001.png 225w, http:\/\/mastercargo.com.br\/wp-content\/uploads\/2025\/06\/ISO9001-150x150.png 150w\" sizes=\"(max-width: 225px) 100vw, 225px\" \/>\t\t\t\t\t\t\t\t\t\t\t\t\t\t\t<\/div>\n\t\t\t\t<\/div>\n\t\t\t\t<\/div>\n\t\t<div class=\"elementor-element elementor-element-c381da8 e-con-full e-flex e-con e-child\" data-id=\"c381da8\" data-element_type=\"container\" data-e-type=\"container\">\n\t\t<div class=\"elementor-element elementor-element-3fe51d4 e-con-full e-flex e-con e-child\" data-id=\"3fe51d4\" data-element_type=\"container\" data-e-type=\"container\">\n\t\t\t\t<div class=\"elementor-element elementor-element-0840542 elementor-invisible elementor-widget elementor-widget-image\" data-id=\"0840542\" data-element_type=\"widget\" data-e-type=\"widget\" data-settings=\"{&quot;_animation&quot;:&quot;zoomInDown&quot;}\" data-widget_type=\"image.default\">\n\t\t\t\t<div class=\"elementor-widget-container\">\n\t\t\t\t\t\t\t\t\t\t\t\t\t\t\t<img decoding=\"async\" width=\"1240\" height=\"1755\" src=\"http:\/\/mastercargo.com.br\/wp-content\/uploads\/2025\/06\/Certificado-ISO-9001.2015.jpg\" class=\"attachment-2048x2048 size-2048x2048 wp-image-220\" alt=\"\" srcset=\"http:\/\/mastercargo.com.br\/wp-content\/uploads\/2025\/06\/Certificado-ISO-9001.2015.jpg 1240w, http:\/\/mastercargo.com.br\/wp-content\/uploads\/2025\/06\/Certificado-ISO-9001.2015-212x300.jpg 212w, http:\/\/mastercargo.com.br\/wp-content\/uploads\/2025\/06\/Certificado-ISO-9001.2015-724x1024.jpg 724w, http:\/\/mastercargo.com.br\/wp-content\/uploads\/2025\/06\/Certificado-ISO-9001.2015-768x1087.jpg 768w, http:\/\/mastercargo.com.br\/wp-content\/uploads\/2025\/06\/Certificado-ISO-9001.2015-1085x1536.jpg 1085w\" sizes=\"(max-width: 1240px) 100vw, 1240px\" \/>\t\t\t\t\t\t\t\t\t\t\t\t\t\t\t<\/div>\n\t\t\t\t<\/div>\n\t\t\t\t<\/div>\n\t\t\t\t<\/div>\n\t\t\t\t\t<\/div>\n\t\t\t\t<\/div>\n\t\t\t\t<\/div>\n\t\t","protected":false},"excerpt":{"rendered":"<p>ISO &#8211; 9001 Empresa certificada desde 2007, proporcionando melhoria cont\u00ednua em processos e controle da qualidade, fatores determinantes para satisfa\u00e7\u00e3o dos clientes.<\/p>\n","protected":false},"author":1,"featured_media":0,"parent":0,"menu_order":0,"comment_status":"closed","ping_status":"closed","template":"","meta":{"footnotes":""},"class_list":["post-218","page","type-page","status-publish","hentry"],"_links":{"self":[{"href":"http:\/\/mastercargo.com.br\/index.php?rest_route=\/wp\/v2\/pages\/218","targetHints":{"allow":["GET"]}}],"collection":[{"href":"http:\/\/mastercargo.com.br\/index.php?rest_route=\/wp\/v2\/pages"}],"about":[{"href":"http:\/\/mastercargo.com.br\/index.php?rest_route=\/wp\/v2\/types\/page"}],"author":[{"embeddable":true,"href":"http:\/\/mastercargo.com.br\/index.php?rest_route=\/wp\/v2\/users\/1"}],"replies":[{"embeddable":true,"href":"http:\/\/mastercargo.com.br\/index.php?rest_route=%2Fwp%2Fv2%2Fcomments&post=218"}],"version-history":[{"count":0,"href":"http:\/\/mastercargo.com.br\/index.php?rest_route=\/wp\/v2\/pages\/218\/revisions"}],"wp:attachment":[{"href":"http:\/\/mastercargo.com.br\/index.php?rest_route=%2Fwp%2Fv2%2Fmedia&parent=218"}],"curies":[{"name":"wp","href":"https:\/\/api.w.org\/{rel}","templated":true}]}}